at are the prime factors of l(11)?
109
Suppose 22 = 4*u + 6. Let j = -30 + 35. Suppose 0 = j*r - u*a - 37, r + 4*a = -3 - 4. What are the prime factors of r?
5
Suppose 2*g - 444 = -2*o, -5*o - 4*g + 469 = -637. Suppose -46*i = -47*i + o. What are the prime factors of i?
2, 109
Suppose 5*b + 3*p + 212 = -128, -3*b = 2*p + 204. List the prime factors of (-95)/(-38)*b/10*-2.
2, 17
Let l be (-8)/(-14) - (-24840)/630. Suppose -5*v + 348 = 2*i, i - 748 = -3*i + 3*v. Suppose -l - i = -4*o. What are the prime factors of o?
2, 7
Let q(p) = -9*p + 16. Let c be q(-8). Suppose 4*h = 3*k - c, 0 = -k - 2*h + 6*h + 32. List the prime factors of k.
2, 7
Let f = 809 + -353. Suppose 0 = 5*c - 5*w - 770, -3*c - 3*w + 0*w + f = 0. Suppose c = 4*q - 7. List the prime factors of q.
2, 5
What are the prime factors of (-7)/(56/40)*2082/(-10)?
3, 347
Let b = 70 + -67. List the prime factors of ((-34)/b)/(((-14)/(-27))/(-7)).
3, 17
Suppose t = 4*i - 1015, 2*i - 276 = -3*t + 235. What are the prime factors of i?
2, 127
Suppose -3*g = -3*v + 6927, 14*v - 2*g = 18*v - 9224. What are the prime factors of v?
3, 769
Suppose -5*l = -19*v + 18*v + 1651, -v - 4*l = -1687. List the prime factors of v.
3, 557
Suppose 5*y = -3*p + 17987, 0 = p - 0*y - 2*y - 5992. List the prime factors of p.
2, 3, 37
List the prime factors of 1/(420/(-426) + 1).
71
Let d(h) = 4*h**2 - 5*h + 8. Let v be d(3). Let t = 46 + v. List the prime factors of t.
3, 5
Suppose 31*w - 29*w - 4*r - 100 = 0, -3*r = 4*w - 255. What are the prime factors of w?
2, 3, 5
Suppose 0 = -3*h + 7*h + 44. Let d = h - -10. What are the prime factors of -1 + 14/1 - d?
2, 7
Let t = -119 - -71. Let h = 68 - t. List the prime factors of h.
2, 29
What are the prime factors of 8420/18 + 22/99?
2, 3, 13
Suppose -j + 237 = 4*w, w - 3 + 1083 = 5*j. Let z = -143 + j. What are the prime factors of z?
2, 37
Let l(y) = 18*y - 18. Let i(x) = -17*x + 17. Let f(k) = -5*i(k) - 4*l(k). What are the prime factors of f(11)?
2, 5, 13
Suppose q = 4 + 107. List the prime factors of q.
3, 37
Let s(a) = a**3 - a**2 - a + 4. Let d be s(0). Suppose 0 = d*m + 16, -3*c - 4*m = -5*m - 232. List the prime factors of c.
2, 19
Suppose -q + 7 - 6 = 0. Let r = -25 - -42. Suppose q + r = n. What are the prime factors of n?
2, 3
Suppose 0 = 5*c - 2*g - g - 74, 0 = -5*c - 5*g + 90. Let q = -3 - 5. Let z = c + q. What are the prime factors of z?
2
Suppose 2*u + 5*n - 674 - 300 = 0, u - n - 501 = 0. What are the prime factors of u?
7, 71
Let z(u) = -u**2 + u. Let k(a) = 2*a**2 + 5*a + 3. Let o(w) = -k(w) - z(w). Let s be o(-5). Suppose -s*g - 145 = -7*g. What are the prime factors of g?
29
Suppose 3*u - 5*h = -0*u + 10, h - 4 = 0. What are the prime factors of 10/(-3)*(-12)/u?
2
Let j = -40 + 44. Suppose 4*p = -2*a + 56, j*a + 2*p + 39 = 121. List the prime factors of a.
2, 3
Suppose -19*l - 4471 + 14731 = 0. What are the prime factors of l?
2, 3, 5
Suppose -6*u + 3198 = -570. Suppose 0 = -52*x + 56*x - u. What are the prime factors of x?
157
Let d be -1*(1 - -1) + -4. Let m be 2/d*3*-5. Let z(h) = 2*h**3 - 6*h**2 - 7*h - 1. List the prime factors of z(m).
2
Suppose 7*i = 3*i - 64. Suppose 0 = -6*f - 4*f - 40. What are the prime factors of (i/12)/(f/42)?
2, 7
Suppose 5*h + 910 = 5*m, h - 556 = -3*m + 2*h. Let w be 64*2 - 5*6/15. Let f = m - w. List the prime factors of f.
61
Let z(a) = -10*a + 6. Let n be -7*(-2)/(-6)*3. Let v be z(n). Suppose -4*f + 0 + v = 0. List the prime factors of f.
19
Let o(q) = -16*q - 31. Let i be (1 + -2)/(12/84). List the prime factors of o(i).
3
Suppose -6 = -9*v + 7*v. Let z(m) = 2*m**3 + 5*m**2 - 9*m - 2. List the prime factors of z(v).
2, 5, 7
Let p(a) = -5*a - 2. Let b be -1 + 9 + 0/(-4). Suppose 3*i = -b - 13. What are the prime factors of p(i)?
3, 11
Let a be (-20)/(-9) - 30/135. Let z be a + 7/(7/52). Suppose u = -2*u + z. List the prime factors of u.
2, 3
Let o = 10 - 6. Let r(s) = s**2 + 2 - 5*s + 0 + o. What are the prime factors of r(6)?
2, 3
Suppose -i = 4*n - 869, -6*n + 857 = -2*n + 5*i. What are the prime factors of n?
2, 109
Suppose 3*g - 3*v - 12 - 12 = 0, -2*v - 34 = -5*g. Let n(j) = j**3 - 6*j**2 + 5*j + 8. List the prime factors of n(g).
2, 19
Suppose 0*s = 2*s - 34. Let c = 21 - s. Suppose -52 = -3*q - 2*x - c, 4*x = -q + 6. What are the prime factors of q?
2, 3
Let b be (-9)/((-3)/1) + 1/(-1). Suppose 224 = b*a - 0*r + 2*r, -2*r = 4*a - 438. List the prime factors of a.
107
What are the prime factors of (-4929)/(-4) - 5 - (-15)/20?
2, 307
Suppose -3*p = -h - 1094, p + 6*h = -54 + 387. List the prime factors of p.
3, 11
Suppose 0 = 2*d - 253 - 1181. List the prime factors of d.
3, 239
Suppose -3*u - 11212 = -4*x, -5*x = 3*u - 10311 - 3731. What are the prime factors of x?
2, 23, 61
Suppose -m + 318 + 630 = 0. What are the prime factors of m?
2, 3, 79
Suppose -s + 6*s = 15. Suppose t - 204 = -s*t. Suppose 3*p + 126 = 5*c, 0 = 4*c + 2*p - t - 41. What are the prime factors of c?
2, 3
Let z = 91 - 73. Suppose 2*t + 3 = -3*s + 16, 0 = -5*s - 2*t + 23. Suppose -s*c - 5*b = -150, -c = -2*b - z - 6. List the prime factors of c.
2, 7
Let a = 6126 - 3541. What are the prime factors of a?
5, 11, 47
Let f(p) = -7*p**2 - 3*p. Let c(b) = 9*b**2 + 4*b. Let z(q) = -3*c(q) - 4*f(q). Let y = 4 + 3. What are the prime factors of z(y)?
7
Let a be 2*(-3 - -4) + 279. Suppose -5*f = a - 716. List the prime factors of f.
3, 29
Suppose -2*u + 3*v + 6435 = 0, -15*v = -4*u - 11*v + 12880. What are the prime factors of u?
3, 5, 43
Let w(k) = 41*k**2 - 5*k + 4. Let y be w(1). Suppose -f + 2 = -2. Suppose g - 36 = -m, -f*m - m = g - y. What are the prime factors of g?
5, 7
Let n(s) = 27*s**2 - 20*s - 40. What are the prime factors of n(-5)?
3, 5, 7
Suppose 132 = 5*v + 337. Let u = 99 + v. List the prime factors of u.
2, 29
Let u(f) = -25*f + 3. Let c be u(-2). Suppose 2*w - c = -2*j + 23, -5*w = 4*j - 190. List the prime factors of w.
2, 19
Let c(o) = -o**3 + o**2 - 4*o - 1. Let b be c(3). Let j = b - -101. What are the prime factors of j?
2, 5, 7
Let a(q) = q - 5. Let g be a(7). What are the prime factors of (g/4)/(6/36)?
3
List the prime factors of -6*((-383)/(-2))/((-6)/4).
2, 383
Suppose -3*a + 6 = 2*w + 4, -3*a - 4*w = 8. Suppose h - y = 1, a*y - 4 = 5*h - 12. List the prime factors of h.
2
Let o(k) = -14*k - 6. Let m be o(7). Let u = 71 + m. Let g = u - -58. List the prime factors of g.
5
Let c(r) = r**3 - 26*r**2 + 37*r - 78. List the prime factors of c(25).
2, 3, 37
List the prime factors of (-11)/(-3) - 3 - (-24498)/27.
2, 227
Suppose 4 = a - 5*a, -v + 4*a = -380. Suppose 0 = -3*t - t - x + v, -x = 3*t - 283. What are the prime factors of t?
3, 31
List the prime factors of (-10488)/9*(-9)/6.
2, 19, 23
Suppose 2*a - 96 + 58 = 2*s, -5*a - 10 = 0. Suppose 0*h - 5*h + 10 = 0. What are the prime factors of (20/(-6))/(h/s)?
5, 7
Suppose 4*k + 31 = 5*s, 0 = -2*k - 0*k + s - 11. List the prime factors of (-181 + -5)/(k/2).
3, 31
Let j be 196/20 - (-3)/15. Suppose 2*r - 6*r - h = -j, -5*r - h + 12 = 0. Suppose 7*g = r*g + 90. What are the prime factors of g?
2, 3
Suppose -2*b - 4*x + 1418 = 0, 2*b + 511 = -x + 1929. List the prime factors of b.
709
Let y(x) = -94*x + 735. What are the prime factors of y(5)?
5, 53
Let l = -971 + 1374. What are the prime factors of l?
13, 31
Suppose 10*x = 42*x - 16480. What are the prime factors of x?
5, 103
Suppose 5*n - 4*z - 171 = 0, -4*n + 0*z + 136 = -4*z. Suppose -2*k = 187 - n. List the prime factors of 1/(4 + k/20).
5
Let z = -67 + 113. Suppose -5*h - 5*l + z = -3*h, -5*l + 10 = 0. What are the prime factors of h?
2, 3
Let a(i) = 9*i - 4*i - 6*i + 6 + i**2. List the prime factors of a(6).
2, 3
Suppose -2*l + 218 = -q, -260 = -2*l - 3*q - 58. List the prime factors of l.
107
Suppose 0 = -u + 5*x + 35, 2*x + 114 = 2*u + 3*x. What are the prime factors of u?
5, 11
Let a = -7041 + 9863. What are the prime factors of a?
2, 17, 83
Let h = -4299 - -8318. List the prime factors of h.
4019
Suppose 3*u = -2*y + 167, -4*u = 5*y - 0*u - 414. Let q = y + 91. List the prime factors of q.
173
Let c(d) = 15*d - 7. Let q be c(5). Suppose -3*u = -u - 4*j - q, 109 = 3*u + j. Suppose -3*t = -t - u. What are the prime factors of t?
2, 3
Let r(c) = 0 - 12*c - 4 + 4 - 3. What are the prime factors of r(-4)?
3, 5
Suppos